 o = 131 + -74. Let y = o + -28. What is the greatest common factor of 174 and y?
29
Suppose -5*b + 2*b - 18 = 0. Let l(n) = n**2 + 3*n - 8. Let y be l(b). Let k be 264/18 - 7/(-21). Calculate the highest common factor of k and y.
5
Let q(l) = 69*l**3 - 3*l**2 + l. Let x be q(2). Suppose -8*u = -x + 182. What is the greatest common divisor of 15 and u?
15
Let o be ((-8)/6*-2)/((-38)/(-57)). Suppose -2*b = -o*b + 14. Suppose -11 = s - 39. What is the highest common divisor of s and b?
7
Let z(k) = k - 9. Let v be z(8). Let u(f) = -9*f**3 - 3*f**2 - 3*f - 1. Let p be u(v). Calculate the highest common divisor of p and 8.
8
Let c(g) = -g**2 - 8*g + 39. Let h be c(-11). What is the highest common factor of h and 10?
2
Let y be -8 + 0/(-2) - -85. What is the greatest common factor of 176 and y?
11
Suppose -7*t + 3*t = -12. Suppose 4*d = t*d. Suppose -4*b - 5*c + 61 = d, 2*c - 52 = -5*b + 20. Calculate the highest common divisor of 21 and b.
7
Let t be 1 + -1 + -1 - -41. Suppose 2*i = i + t. Calculate the greatest common divisor of i and 50.
10
Suppose -4 = 4*k + 12, g - 32 = k. Suppose g = t + 4*v, 3*t + 2*v - 41 = 53. Calculate the highest common divisor of t and 16.
16
Suppose 5*a + 2*a = 7. Suppose 3*k + 6 = -0*k - 3*h, 6 = -3*k + h. Let t be k*(-15)/6*1. What is the highest common factor of t and a?
1
Suppose 2*m - 5*m + 18 = 0. Suppose m*k = -102 + 402. What is the highest common factor of 25 and k?
25
Let k(g) = 4*g**2 + g. Let i be k(-1). Suppose -33 + 0 = -i*z. What is the greatest common divisor of 11 and z?
11
Let u = -175 + 247. Calculate the greatest common divisor of u and 8.
8
Suppose 3*p + 0*n - n = 633, 3*p = -5*n + 615. Let l be (9/2)/(35/p). Calculate the highest common factor of 189 and l.
27
Let d(x) = x - 2. Let r be d(11). Suppose -12 = -f + 3*l - 6*l, 4*f - r = l. Suppose -4*p = -10 + 2. What is the highest common divisor of p and f?
1
Let s = -33 - 1. Let g = s + 36. Calculate the greatest common divisor of g and 2.
2
Suppose -2*s - 3*b + 1 + 21 = 0, -46 = -3*s + 2*b. Let p be ((-5)/(-2))/(s/28). What is the highest common factor of 20 and p?
5
Let x(u) = u**2 + 21*u - 80. Let s be x(-26). What is the greatest common factor of s and 550?
50
Suppose 0 = -3*v - 716 + 761. Calculate the greatest common factor of 1335 and v.
15
Let h(l) = l**2 + 27*l - 165. Let o be h(-38). Calculate the highest common divisor of 22 and o.
11
Let r = 104 + -95. Suppose -r*y - 262 = -1054. Calculate the greatest common factor of y and 22.
22
Suppose 3*o - w = 5*o - 50, 5*o + 3*w - 126 = 0. Let f = 20 - -28. Calculate the highest common factor of f and o.
24
Suppose -192 = -10*o - 14*o. Let a = -15 - -45. Suppose -o*t + a = -3*t. What is the greatest common divisor of t and 4?
2
Let b(l) = -2*l + 30. Let q be b(13). Suppose -99 - 61 = -q*t. Calculate the highest common divisor of t and 60.
20
Let s be (186/217)/((-544)/182 - -3). Calculate the greatest common factor of s and 66.
6
Let a be (-8)/(-4)*14/4. Suppose 4*p - 2*y - 36 = 0, -6*p - 31 = -11*p - y. Calculate the highest common factor of a and p.
7
Let x(o) be the third derivative of o**6/120 + o**5/15 - 2*o**3/3 + 4*o**2. Let w be x(-3). Calculate the greatest common divisor of 40 and w.
5
Suppose 10 = -4*j - 3*l - 281, 297 = -4*j - l. Let f = j - -109. Let h = -27 + f. Calculate the highest common factor of h and 49.
7
Let n(u) = -284*u + 46. Let m be n(-1). What is the greatest common divisor of 60 and m?
30
Suppose -3*v = 2*y - 41, 2*y = 13 - 5. What is the greatest common factor of 17 and v?
1
Let s = 829 + -791. Calculate the greatest common factor of s and 513.
19
Let t(y) = -y**2 + y + 92. Let p be t(0). Let k be (14 - (-70)/5) + 0 + -5. Calculate the highest common divisor of k and p.
23
Suppose -18*t + 2175 = -15*t. What is the greatest common divisor of 25 and t?
25
Let u = 40 + -38. Let w = 2 - -1. Suppose 4*p = -u*k + 3*k - 56, -2*p = -w*k + 118. What is the highest common factor of k and 4?
4
Suppose 132 = 2*g - 8. Calculate the highest common divisor of g and 10.
10
Let f = 26 - -36. Let r = 70 - f. Calculate the highest common factor of r and 72.
8
Suppose 0*q - q = 4*y - 985, -2*y + 515 = 5*q. Suppose -5 = -5*j + y. Let g = 14 - 9. What is the highest common divisor of j and g?
5
Let b = -384 + 606. What is the highest common factor of 296 and b?
74
Let x be (-10 - -6)/((-3)/6). Let y = 0 + 2. What is the greatest common divisor of x and y?
2
Suppose -544 = -4*m + 5*k + 8207, -5*m + 10932 = -4*k. What is the greatest common factor of m and 39?
39
Let a be ((-5)/4)/(40/(-160)). What is the highest common divisor of a and 80?
5
Let i = -690 - -699. What is the greatest common factor of 9 and i?
9
Let i be 315/27 + 3/9. Let h = 155 - 47. Calculate the greatest common factor of i and h.
12
Suppose 0 = -0*g + 25*g - 2000. Calculate the greatest common factor of 16 and g.
16
Let j = -266 - -336. Calculate the greatest common divisor of j and 28.
14
Let u(n) = 5*n**2 - 19*n + 20. Let c be u(5). Suppose 5*q + 63 = 688. What is the highest common factor of c and q?
25
Let l = 1215 - 1171. What is the highest common factor of 374 and l?
22
Let g = -13 - -18. Suppose -7*o + 4*o = 39. Let a = o - -28. Calculate the highest common divisor of a and g.
5
Let p(r) = -r**3 - 11*r**2 - 17*r + 12. Suppose 24 = -2*d - 2*q, -2*d - 3*q = -7*q + 6. Let c be p(d). Calculate the greatest common divisor of c and 27.
3
Let a(i) = -i**2 - 25*i - 73. Let g be a(-21). Let j be 4 + -2 + (1 - -8). What is the greatest common factor of j and g?
11
Let j be (27 - 4) + -3 - (1 - 2). Suppose -4*l = -20, -2*v - 3*l = -48 - 93. Calculate the greatest common factor of j and v.
21
Let n = 46 + -34. Let x(m) = m**3 - 11*m**2 - 12*m + 12. Let u be x(n). What is the greatest common divisor of u and 204?
12
Let o(c) = c**3 - 5*c**2 + 3*c - 28. Let a be o(6). Calculate the greatest common divisor of 650 and a.
26
Let l be 39/104 - 9978/(-16). Calculate the highest common divisor of 52 and l.
52
Let d = -21 + 114. Let c = -5867 - -5991. Calculate the highest common divisor of d and c.
31
Suppose -t + 11 = -p + 6*p, 5*t = -3*p + 77. Suppose 38*c - 36*c + 164 = 4*j, -5*j - c = -198. What is the highest common divisor of t and j?
8
Let h = 32 + -22. Let b = -4 + 12. Let x be (-2)/b - (-21)/4. Calculate the greatest common factor of h and x.
5
Let l(b) = b**3 + 7*b**2 + 2*b + 36. Let q be l(-6). Calculate the highest common factor of 24 and q.
12
Suppose 150 = 4*z + 220*j - 222*j, -4*j = 3*z - 107. Let l(k) = 32*k**3 + k**2 - 2*k + 3. Let m be l(2). What is the greatest common factor of m and z?
37
Let b(a) = a - 1. Let y be b(1). Suppose y*t + 4*t = 96. What is the highest common divisor of t and 96?
24
Let s = 115 - 87. Let o be -6*(8/(-6) - -1). Suppose -28 = a - o*a. What is the greatest common divisor of a and s?
28
Suppose 2*r - 48 = 4*u, -u - 40 = -2*r + u. Let x = r + -18. Let d(m) = 2*m**2. Let o be d(x). Calculate the greatest common divisor of o and 56.
8
Let t(w) = w**3 - 2*w**2 + w + 1. Let d be t(3). Let j be (-4 + 10/(-4))*2. Let v = j - -130. What is the highest common factor of v and d?
13
Let q be 0 - (-18)/(12/4). Suppose 2*o + 8 = 3*u + 6*o, 4*u - 5*o + 41 = 0. Let r be (18/(-45))/(u/10). What is the highest common factor of q and r?
1
Let o(p) be the second derivative of -2*p**3/3 + 17*p**2 - 13*p. Let n be o(0). Let h = -26 + n. Calculate the highest common factor of 24 and h.
8
Let g(r) = 2*r**2 + 2*r - 11. Let c be g(-4). Let a(w) = 7*w + 17. Let q be a(c). What is the highest common factor of q and 12?
12
Let q(x) = 2*x - 4. Let c be q(4). Let l be (-1)/2*0/c. Suppose -9*m - 3 = -n - 5*m, l = -3*n - 3*m + 39. What is the highest common divisor of 33 and n?
11
Suppose -4*p - 7 = -55. Suppose 2*j - p = -0. Suppose -2*g - g = -j. What is the greatest common divisor of g and 10?
2
Let x be -4*399/38*(-3)/14. What is the highest common factor of 1017 and x?
9
Let l = 292 - 180. Calculate the greatest common factor of 14 and l.
14
Let y be 20 - (-6)/(-2) - -2. Suppose -y*p = -11*p - 216. Calculate the greatest common divisor of 18 and p.
9
Suppose -2*q + 153 - 13 = -5*p, p + 223 = 3*q. What is the greatest common factor of 30 and q?
15
Let m = -652 + 723. What is the greatest common divisor of m and 